 -4*n + 5*o, 3*n + 3*o - 2*o = u. List the prime factors of n.
3
Let q = 77 + -19. What are the prime factors of q?
2, 29
Let k = -173 - -114. Let t = k - -104. List the prime factors of t.
3, 5
Let f = -4 + 2. Let t(v) = 3*v**2 + 4*v + 3. Let p be t(f). Let x(g) = g**2 - 5*g - 8. List the prime factors of x(p).
2, 3
Let p = 7 + -3. Suppose -2*l + l - 62 = -5*m, -3*m - p*l + 28 = 0. What are the prime factors of (-2)/(2*(-1)/m)?
2, 3
List the prime factors of (5 - -140)*(3/(-15) + 2).
3, 29
Let w = -3 + 2. Let x = 6 - w. List the prime factors of x.
7
Let g be (12/(-10))/((-1)/25). Suppose 4*f = f + g. List the prime factors of 66/f + (-4)/(-10).
7
Let g(x) be the second derivative of 2*x + 0*x**2 + 0 + 1/2*x**3 + 1/3*x**4. What are the prime factors of g(-2)?
2, 5
Let d(p) = -p**2 + 12*p + 2. Let m be d(12). Let k(r) = 8*r + 3 + 0*r**2 - 2*r**m + r**2 - 7. What are the prime factors of k(7)?
3
Suppose -5 + 23 = l. List the prime factors of l.
2, 3
Let j = -26 + 46. Suppose j = -4*d - 3*w, -21 - 27 = 5*d - 2*w. List the prime factors of 11/4 + (-2)/d.
3
Let p(y) = -y - 5. Let j be p(-4). Let s(f) = -f + 1. Let q be s(4). Let d = j - q. What are the prime factors of d?
2
Suppose -y + 6*y = -35. What are the prime factors of 6/y*49/(-7)?
2, 3
Let z be (-28)/(-12) + 2/(-6). Suppose -4*y + 2*r = 8, 4*y - 5*r = z + 2. List the prime factors of (2/3)/(y/(-42)).
7
Let r be (-77)/(-21) - 2/(-6). Suppose r*j = 3*n - 14, 0 = -n + 4*j + 15 - 5. List the prime factors of 44/n - 0/6.
2, 11
Suppose -2*x = 3*x - 225. What are the prime factors of x?
3, 5
Suppose 0 = f + 1, -2*f - 31 = -4*g + 11. What are the prime factors of g?
2, 5
Suppose 2*h - 4*y = 152, -2*h - 2*h - 2*y + 324 = 0. Suppose 4*z + 19 - h = -3*t, -4*z + 4*t = -68. What are the prime factors of z?
2
Let t(d) = d**2 + 2. Let s be t(0). Let r(c) = -3 + 3 + 7*c**2 + c**3 - c - s. What are the prime factors of r(-7)?
5
Let l(q) = 3*q**2 + 3*q + 5. List the prime factors of l(-4).
41
Suppose -92 = -2*g + 2*c, -2*g + 2*c - 40 = -3*g. What are the prime factors of g?
2, 11
Suppose 15*s - 88 = 11*s. Let b = 40 - s. What are the prime factors of b?
2, 3
Suppose 4*k + 4*w - 1 = 3, -2*w = -4*k + 22. Let o = 0 + 0. Suppose o = k*h - 1 - 23. What are the prime factors of h?
2, 3
Let v = 50 + -103. Let a = -37 - v. What are the prime factors of a?
2
List the prime factors of 1 + (148/20)/((-1)/(-5)).
2, 19
Suppose 20 = -d + 6*d. Let o be (-2)/(-8) - 1/d. Suppose -t = -2 - o. What are the prime factors of t?
2
Suppose -5*l = -230 - 15. Suppose -g + l = 6*g. What are the prime factors of g?
7
Suppose -6*j = -9*j - 3. Let l be -10*((-16)/10 - j). Let h = l + 7. What are the prime factors of h?
13
Suppose 2*j - 2*b + 3 - 7 = 0, -5*b + 5 = 0. Suppose -30 - 57 = -j*w. List the prime factors of w.
29
Let f(d) be the first derivative of -1 - 1/3*d**3 - 9/2*d**2 - 6*d. What are the prime factors of f(-6)?
2, 3
Suppose s = 4*l + 4*s - 197, -2*l + s + 101 = 0. List the prime factors of l.
2, 5
Suppose -7*o + 30 = 2. List the prime factors of o.
2
Suppose 5*n - 5*r = -0*r + 35, 0 = -4*n + 2*r + 38. List the prime factors of n.
2, 3
Let g = 12 - -14. Suppose 5*s - g = -6. Suppose -s*u + 18 = -u. List the prime factors of u.
2, 3
Let z(q) = q**3 - q**2 - 2*q + 3. Let l = 6 - 4. Let p be z(l). Suppose -j + 24 = p*f, -f + 0*f + 40 = 3*j. What are the prime factors of j?
2, 3
Let q be (-10)/(-6)*3/1. Let d = q - 0. Let s = 14 - d. List the prime factors of s.
3
Suppose 4*q + 2*l - 133 - 43 = 0, 3*q = 5*l + 119. List the prime factors of q.
43
Let s be (24/20)/(2/(-5)). List the prime factors of (22/s + 1)*-3.
19
Suppose -2*x + 3 = -7. Suppose 0 = -4*p + 22 + 66. Suppose -3*n + p = 4*j, -4*n = n + x*j - 40. List the prime factors of n.
2, 5
Let y = -89 - -213. List the prime factors of y.
2, 31
What are the prime factors of 32 - (0 + 2 + 1)?
29
Suppose y + i = -16, -3*y - 4*i - 15 - 37 = 0. List the prime factors of 7/(2*(-3)/y).
2, 7
List the prime factors of (-20)/((-4)/(-54)*-3).
2, 3, 5
Suppose 17 = 3*x - 28. Let c = -28 + x. Let f = 23 + c. What are the prime factors of f?
2, 5
List the prime factors of 1*-26*13/(-2).
13
Let l(i) = -i**2 - 16*i - 4. What are the prime factors of l(-11)?
3, 17
Let v(b) = b + 6. Let g be v(0). Let u be 1/(-6) + (1 - (-50)/12). Let k = g + u. What are the prime factors of k?
11
Let n(v) = -v**2 - 3*v - 3. Let a be n(-4). Let k = a + 16. Suppose -3*b - x = k - 33, 4*x = -4*b + 40. List the prime factors of b.
7
Let g = -17 + 26. Let b(c) = c**2 + 4*c - 8. Let f be b(-6). Let z = g - f. What are the prime factors of z?
5
Let x be ((-12)/(-15))/(1/(-5)). Let l = x + 6. What are the prime factors of l?
2
List the prime factors of 28/(-3)*(-9)/(15/5).
2, 7
Let v(l) = l**2 + l. Let m(s) = 8*s**2 - 3*s - 12. Let r(a) = m(a) - 6*v(a). What are the prime factors of r(8)?
2, 11
Suppose -2*g + 4*m + 22 = 0, 2*m = -m - 12. Suppose b = -4, -2*r + 3*b - 7 = -g. List the prime factors of 34/9 + r/(-36).
2
Let t(g) be the first derivative of g**4/4 - 7*g**3/3 - 4*g**2 - 2. Let f be t(8). Suppose -2*a + 22 + 8 = f. List the prime factors of a.
3, 5
Suppose 5*t - 36 = 2*t. What are the prime factors of t?
2, 3
Suppose -9 = -s + 29. What are the prime factors of s?
2, 19
What are the prime factors of 2358/8 + (-6)/(-24)?
5, 59
Let y be 3/2*(-4)/(-6). Let n = 3 - y. Suppose j + 1 = n*b - 21, 4*b + 5*j - 44 = 0. What are the prime factors of b?
11
Let j be 7/(3 - (-8)/(-4)). Suppose z - a - 3 = j, -z = 5*a + 14. List the prime factors of z.
2, 3
Let d = -4 + 9. Suppose d*l - 77 = 18. What are the prime factors of l?
19
Let t = -23 + 42. Let l = t - -13. What are the prime factors of l?
2
Suppose 0 - 5 = -5*g. Let p(z) = -z**3 + 1. Let h be p(g). Let w(j) = j**3 - j**2 + 8. What are the prime factors of w(h)?
2
Let x be -15*(-2)/(-10)*-3. Suppose -2*h - 3*t = 2, -7*h - t = -2*h + 18. Let p = x + h. List the prime factors of p.
5
Let w be -1 + 1 + -15 - 1. Let v = w + 22. List the prime factors of v.
2, 3
Let i(t) = -t**2 + 10*t - 6. Let y be i(7). Suppose -35 = q - 6*q. Let a = y - q. What are the prime factors of a?
2
Let u be 3/(-2)*8/(-6). Let a(w) = u + 0 - 5 + 2*w + w**2. What are the prime factors of a(2)?
5
Let o = -33 + 46. Suppose 0 = -4*s + 2*s. Suppose c - r - o = s, -2*r - 1 = 1. What are the prime factors of c?
2, 3
Suppose -t - 100 = -6*t. Let m(y) = -y**3 + 5*y**2 + 3*y + 8. Let l be m(6). Let g = l + t. List the prime factors of g.
2, 5
Let n(a) = -3 - 7*a**2 - 1 - 1 - a - a**3. Let t be n(-7). Suppose -12 = -t*d + 12. What are the prime factors of d?
2, 3
Suppose -5*g + 279 = -2*m, m + 277 = -g + 6*g. What are the prime factors of g?
5, 11
Suppose -3*n + 8*n = 0. Let b(c) = c**3 - c**2 - c + 2. List the prime factors of b(n).
2
Let j = 1 + -1. Suppose j = -5*v - 9 - 6. List the prime factors of (-11 + 1)*v/6.
5
Let j = 23 - 20. Suppose j*v + 2*v = 270. List the prime factors of v.
2, 3
Suppose -4*i + 34 = 5*r, -2 = -3*r + 2*r. What are the prime factors of i?
2, 3
Let r(v) = 2*v**3 - v**2 + 3*v + 1. List the prime factors of r(4).
5
Let f be 5 - ((1 - 0) + 2). Suppose -3*z + 5*i - 6 = -34, 4*z - f*i = 42. List the prime factors of z.
11
What are the prime factors of 8/4 - 1184/(-4)?
2, 149
What are the prime factors of 1*2*1955/17?
2, 5, 23
Let c be (48/(-10))/((-10)/125). Suppose -m = 2*j - 39, -3*j = -4*m + 5*m - c. Suppose j = 3*v - 15. List the prime factors of v.
2, 3
Let d(s) = 2*s + 3. Let f be ((-8)/3)/((-8)/12). List the prime factors of d(f).
11
Suppose -10*v = -9*v - 4*k - 41, 3*k = -3*v + 168. List the prime factors of v.
53
Let i = 393 + -245. List the prime factors of i.
2, 37
Let y(i) = -i**2 - i - 5. Let r be y(-4). Let z = r - -33. Let l = -10 + z. What are the prime factors of l?
2, 3
Let n = 3 - -9. Let m be ((-2)/6)/((-1)/n). Suppose m*v - 29 = v + 2*k, k - 46 = -4*v. List the prime factors of v.
11
List the prime factors of (21/3 - 4) + 116.
7, 17
Let h = 39 - 31. List the prime factors of h.
2
Let y be ((-6)/(-4))/((-12)/(-120)). Suppose 77 = 2*v + y. List the prime factors of v.
31
Let l = -1 - -11. Let r = 14 - l. List the prime factors of 2/r*(-8)/(-2).
2
What are the prime factors of (32/12 - 3)*-51?
17
Let p(m) = -4*m**3 + 3*m**2 + 3*m + 1. Let b be p(-2). Suppo